vided by 2457?
2456
Calculate the remainder when 1368295829 is divided by 342.
341
Calculate the remainder when 1022069 is divided by 145840.
1189
Calculate the remainder when 16904138 is divided by 2315.
8
What is the remainder when 9703177 is divided by 4851514?
149
What is the remainder when 1146936 is divided by 2532?
2472
What is the remainder when 1305010 is divided by 652474?
62
What is the remainder when 37353 is divided by 4664?
41
What is the remainder when 747195 is divided by 5772?
2607
What is the remainder when 8247388 is divided by 179291?
2
What is the remainder when 21091081 is divided by 55?
11
Calculate the remainder when 3350485 is divided by 47.
43
What is the remainder when 70024 is divided by 2591?
67
What is the remainder when 26885 is divided by 922?
147
Calculate the remainder when 1892362 is divided by 8087.
4
What is the remainder when 1663198 is divided by 720?
718
What is the remainder when 38757328 is divided by 4315?
4313
Calculate the remainder when 876208 is divided by 989.
943
What is the remainder when 44456011 is divided by 14818669?
4
Calculate the remainder when 327689 is divided by 14247.
8
What is the remainder when 631686 is divided by 188?
6
What is the remainder when 244843 is divided by 48960?
43
What is the remainder when 33615417 is divided by 45182?
9
What is the remainder when 55526038 is divided by 120?
118
Calculate the remainder when 491117 is divided by 916.
141
Calculate the remainder when 8745447 is divided by 880.
7
What is the remainder when 36747 is divided by 1374?
1023
Calculate the remainder when 4408117 is divided by 1875.
1867
What is the remainder when 40254115 is divided by 1283?
1273
What is the remainder when 7484404 is divided by 29?
26
What is the remainder when 1046658 is divided by 819?
795
Calculate the remainder when 69850 is divided by 7845.
7090
Calculate the remainder when 8693 is divided by 1606.
663
Calculate the remainder when 5263050 is divided by 7.
2
Calculate the remainder when 19210 is divided by 2993.
1252
What is the remainder when 2284804 is divided by 99339?
7
Calculate the remainder when 668301 is divided by 167073.
9
What is the remainder when 14561390 is divided by 50?
40
What is the remainder when 1160552 is divided by 5527?
5409
Calculate the remainder when 839544 is divided by 598.
550
What is the remainder when 5046213 is divided by 1009241?
8
Calculate the remainder when 9522382 is divided by 263.
204
What is the remainder when 133883 is divided by 1219?
1012
What is the remainder when 1026070 is divided by 1137?
496
What is the remainder when 144829093 is divided by 152?
149
Calculate the remainder when 3492379 is divided by 698435.
204
What is the remainder when 732853 is divided by 366420?
13
Calculate the remainder when 49645 is divided by 2126.
747
Calculate the remainder when 424326 is divided by 116.
114
What is the remainder when 154418 is divided by 1912?
1458
What is the remainder when 96247899 is divided by 2364?
3
What is the remainder when 1834719 is divided by 2931?
2844
What is the remainder when 1339141 is divided by 1337476?
1665
Calculate the remainder when 4094940 is divided by 14783.
49
Calculate the remainder when 2013275 is divided by 450.
425
What is the remainder when 21780223 is divided by 407?
25
Calculate the remainder when 943111 is divided by 134703.
190
Calculate the remainder when 5762299 is divided by 2881118.
63
What is the remainder when 34231427 is divided by 248?
235
Calculate the remainder when 10945667 is divided by 4.
3
What is the remainder when 1644313 is divided by 103?
21
What is the remainder when 38760961 is divided by 19380460?
41
What is the remainder when 6173364 is divided by 246?
240
What is the remainder when 3584873 is divided by 439?
438
What is the remainder when 2528109 is divided by 1264052?
5
Calculate the remainder when 519025 is divided by 129750.
25
What is the remainder when 2542122 is divided by 2541785?
337
What is the remainder when 1178908 is divided by 24059?
17
Calculate the remainder when 2465932 is divided by 2465594.
338
What is the remainder when 245651 is divided by 245615?
36
What is the remainder when 323317 is divided by 26939?
49
Calculate the remainder when 6614432 is divided by 254401.
6
Calculate the remainder when 49151806 is divided by 71.
68
Calculate the remainder when 9703060 is divided by 3234332.
64
What is the remainder when 179958541 is divided by 22494815?
21
Calculate the remainder when 727164 is divided by 180438.
5412
Calculate the remainder when 143595 is divided by 91.
88
What is the remainder when 74022 is divided by 419?
278
Calculate the remainder when 130236 is divided by 1216.
124
What is the remainder when 1921391 is divided by 384239?
196
Calculate the remainder when 32163832 is divided by 1543.
1540
Calculate the remainder when 33741 is divided by 2929.
1522
Calculate the remainder when 111822 is divided by 7924.
886
What is the remainder when 5022340 is divided by 456574?
26
Calculate the remainder when 672351 is divided by 402.
207
Calculate the remainder when 31398042 is divided by 310.
2
What is the remainder when 1686025 is divided by 22477?
250
What is the remainder when 515068 is divided by 10455?
2773
What is the remainder when 116554 is divided by 1438?
76
What is the remainder when 180886 is divided by 86?
28
Calculate the remainder when 987294 is divided by 264.
198
What is the remainder when 20725 is divided by 19979?
746
Calculate the remainder when 34570 is divided by 2103.
922
What is the remainder when 1230369 is divided by 8?
1
What is the remainder when 1971440 is divided by 388?
12
Calculate the remainder when 262897 is divided by 43804.
73
What is the remainder when 399697 is divided by 5961?
310
Calculate the remainder when 8852168 is divided by 442608.
8
Calculate the remainder when 464019 is divided by 4835.
4694
Calculate the remainder when 120882141 is divided by 28.
9
What is the remainder when 872067 is divided by 435786?
495
Calculate the remainder when 79306 is divided by 2045.
1596
Calculate the remainder when 10757457 is divided by 15324.
9
What is the remainder when 15924 is divided by 5011?
891
What is the remainder when 188250 is divided by 93977?
296
Calculate the remainder when 118392 is divided by 4731.
117
Calculate the remainder when 542563 is divided by 345.
223
What is the remainder when 12089794 is divided by 11051?
0
What is the remainder when 565438 is divided by 113018?
348
Calculate the remainder when 52644 is divided by 342.
318
What is the remainder when 11487711 is divided by 638204?
39
What is the remainder when 222502 is divided by 1794?
46
Calculate the remainder when 547780 is divided by 344.
132
What is the remainder when 969410 is divided by 273?
260
What is the remainder when 31821470 is divided by 21?
2
What is the remainder when 35417 is divided by 198?
173
What is the remainder when 165278647 is divided by 1823?
1821
What is the remainder when 2904547 is divided by 408?
403
Calculate the remainder when 863344 is divided by 3820.
24
Calculate the remainder when 10164943 is divided by 5082461.
21
What is the remainder when 29499613 is divided by 4214227?
24
What is the remainder when 32888168 is divided by 17787?
5
What is the remainder when 1511543 is divided by 146?
5
What is the remainder when 29048109 is divided by 274?
273
Calculate the remainder when 13576501 is divided by 46.
15
What is the remainder when 14279690 is divided by 257?
256
Calculate the remainder when 4360742 is divided by 30927.
35
Calculate the remainder when 1089898 is divided by 9999.
7
What is the remainder when 577996923 is divided by 26?
23
What is the remainder when 6567221 is divided by 23124?
5
Calculate the remainder when 14710237 is divided by 11195.
7
Calculate the remainder when 1129106 is divided by 8428.
8182
What is the remainder when 1258883 is divided by 93?
35
Calculate the remainder when 11820015 is divided by 68.
51
Calculate the remainder when 24490116 is divided by 386.
346
What is the remainder when 15153871 is divided by 503?
493
Calculate the remainder when 9943841 is divided by 773.
742
What is the remainder when 25608431 is divided by 106?
103
What is the remainder when 7969943 is divided 